n base 9?
3
-1 (base 2) to base 3
-1
What is 4 (base 12) in base 10?
4
What is -34 (base 5) in base 16?
-13
1 (base 4) to base 2
1
Convert 2 (base 16) to base 5.
2
4a (base 16) to base 15
4e
Convert 0 (base 12) to base 10.
0
What is 11 (base 7) in base 2?
1000
What is 0 (base 6) in base 11?
0
What is 33 (base 5) in base 13?
15
Convert 108 (base 11) to base 14.
93
What is -311 (base 8) in base 16?
-c9
-2 (base 5) to base 12
-2
Convert -10 (base 10) to base 8.
-12
1 (base 7) to base 6
1
Convert 4 (base 13) to base 2.
100
What is -331 (base 5) in base 16?
-5b
-21 (base 8) to base 16
-11
Convert -4 (base 14) to base 10.
-4
What is -10 (base 6) in base 16?
-6
Convert -45 (base 6) to base 15.
-1e
What is 0 (base 11) in base 10?
0
1240 (base 5) to base 14
dd
Convert -21 (base 4) to base 13.
-9
11 (base 14) to base 13
12
What is 2 (base 7) in base 2?
10
-25 (base 7) to base 6
-31
Convert -1001010 (base 2) to base 11.
-68
Convert 0 (base 14) to base 13.
0
Convert 437 (base 8) to base 7.
560
-64 (base 12) to base 13
-5b
22 (base 4) to base 10
10
Convert 63 (base 7) to base 6.
113
Convert -105 (base 8) to base 12.
-59
Convert -10 (base 14) to base 6.
-22
What is -1 (base 8) in base 16?
-1
Convert -166 (base 11) to base 3.
-21011
Convert 12000 (base 3) to base 7.
252
What is 53 (base 7) in base 8?
46
3 (base 6) to base 10
3
What is b5 (base 13) in base 2?
10010100
10100111 (base 2) to base 10
167
34 (base 10) to base 9
37
What is -3020 (base 4) in base 15?
-d5
Convert -2 (base 11) to base 15.
-2
-7 (base 15) to base 8
-7
What is -e (base 15) in base 2?
-1110
22 (base 4) to base 5
20
Convert -3 (base 7) to base 10.
-3
1 (base 9) to base 8
1
What is -43 (base 10) in base 7?
-61
What is 46 (base 9) in base 14?
30
Convert 7 (base 13) to base 7.
10
Convert 257 (base 9) to base 10.
214
2211 (base 3) to base 16
4c
What is -17 (base 15) in base 9?
-24
Convert 1130 (base 5) to base 16.
a5
What is 18 (base 10) in base 8?
22
What is 35 (base 6) in base 9?
25
-148 (base 9) to base 15
-85
Convert -111 (base 2) to base 7.
-10
What is 13 (base 10) in base 6?
21
1c (base 13) to base 4
121
23 (base 11) to base 9
27
What is -21 (base 13) in base 5?
-102
What is -2 (base 14) in base 15?
-2
Convert 2 (base 16) to base 6.
2
What is 19 (base 13) in base 8?
26
Convert 0 (base 10) to base 15.
0
-31 (base 6) to base 14
-15
3 (base 16) to base 8
3
-12 (base 10) to base 15
-c
Convert -5b (base 12) to base 8.
-107
-a5 (base 12) to base 13
-98
-331 (base 4) to base 3
-2021
-3 (base 16) to base 3
-10
-18 (base 16) to base 12
-20
What is -3 (base 12) in base 10?
-3
Convert ae (base 16) to base 9.
213
2 (base 4) to base 5
2
What is 21 (base 16) in base 13?
27
102 (base 3) to base 7
14
-c (base 16) to base 14
-c
What is -10000111 (base 2) in base 14?
-99
Convert 106 (base 10) to base 9.
127
What is 10 (base 5) in base 4?
11
2 (base 8) to base 4
2
What is -1b (base 13) in base 2?
-11000
0 (base 2) to base 4
0
Convert 10110 (base 2) to base 9.
24
Convert -3 (base 11) to base 14.
-3
-3 (base 14) to base 6
-3
a (base 13) to base 16
a
What is -bb (base 13) in base 11?
-130
What is 10 (base 5) in base 16?
5
What is 1 (base 11) in base 4?
1
Convert 1 (base 10) to base 16.
1
-1 (base 7) to base 9
-1
70 (base 10) to base 4
1012
-10 (base 4) to base 7
-4
5 (base 12) to base 13
5
-6c (base 15) to base 8
-146
4 (base 16) to base 12
4
What is -23 (base 6) in base 9?
-16
Convert -1b (base 16) to base 15.
-1c
Convert -3 (base 4) to base 9.
-3
11 (base 14) to base 7
21
Convert 33 (base 7) to base 16.
18
-14 (base 16) to base 4
-110
3 (base 14) to base 4
3
Convert 21 (base 3) to base 15.
7
-11 (base 4) to base 8
-5
Convert 5 (base 13) to base 12.
5
What is d (base 16) in base 7?
16
What is -1 (base 11) in base 14?
-1
What is -2 (base 16) in base 9?
-2
Convert -68 (base 11) to base 3.
-2202
What is -3 (base 4) in base 8?
-3
Convert 0 (base 4) to base 13.
0
-36 (base 9) to base 6
-53
11212 (base 4) to base 6
1354
58 (base 11) to base 16
3f
Convert -22 (base 7) to base 15.
-11
What is -111000 (base 3) in base 15?
-186
Convert 23 (base 11) to base 12.
21
What is -201 (base 5) in base 9?
-56
What is -6 (base 11) in base 8?
-6
Convert -12 (base 16) to base 14.
-14
29 (base 12) to base 10
33
Convert 22 (base 5) to base 10.
12
33 (base 14) to base 13
36
What is 501 (base 7) in base 2?
11110110
Convert -11010 (base 2) to base 6.
-42
Convert -7 (base 12) to base 4.
-13
138 (base 10) to base 16
8a
Convert 0 (base 3) to base 7.
0
Convert 102 (base 8) to base 12.
56
What is 42 (base 14) in base 6?
134
Convert -12 (base 4) to base 7.
-6
What is -3 (base 7) in base 4?
-3
-2212 (base 4) to base 15
-b1
101 (base 2) to base 11
5
Convert 1112 (base 3) to base 9.
45
-57 (base 11) to base 8
-76
Convert -4c (base 16) to base 6.
-204
-2 (base 13) to base 14
-2
Convert 1 (base 7) to base 4.
1
Convert -202 (base 11) to base 10.
-244
Convert -10 (base 13) to base 7.
-16
What is -4 (base 5) in base 16?
-4
Convert -2b (base 12) to base 9.
-38
4 (base 11) to base 9
4
-1 (base 8) to base 12
-1
What is 33 (base 10) in base 11?
30
Convert -1111 (base 6) to base 15.
-124
Convert -1002 (base 3) to base 6.
-45
-66 (base 10) to base 16
-42
Convert -7 (base 8) to base 9.
-7
Convert -24 (base 7) to base 2.
-10010
Convert 21 (base 5) to base 12.
b
21 (base 5) to base 6
15
What is -6 (base 14) in base 4?
-12
Convert 4 (base 7) to base 9.
4
-7d (base 15) to base 13
-91
What is 13 (base 15) in base 7?
24
What is 211 (base 3) in base 6?
34
1 (base 5) to base 9
1
-200 (base 4) to base 7
-44
Convert -1000 (base 2) to base 8.
-10
-1000111 (base 2) to base 13
-56
Convert 1 (base 6) to base 5.
1
Convert -2 (base 10) to base 7.
-2
Convert -312 (base 5) to base 7.
-145
What is -5 (base 12) in base 15?
-5
What is 14 (base 9) in base 2?
1101
Convert 21 (base 8) to base 15.
12
Convert -11 (base 10) to base 15.
-b
What is -4 (base 8) in base 14?
-4
What is -10 (base 4) in base 7?
-4
What is -d (base 16) in base 4?
-31
101 (base 3) to base 5
20
-6 (base 10) to base 2
-110
4 (base 7) to base 15
4
What is 4 (base 13) in base 2?
100
67 (base 15) to base 7
166
Convert -414 (base 5) to base 16.
-6d
What is 1232 (base 4) in base 2?
1101110
Convert 75 (base 13) to base 10.
96
What is -3 (base 6) in base 16?
-3
-60 (base 13) to base 12
-66
What is 1301 (base 4) in base 16?
71
14 (base 10) to base 3
112
Convert 12 (base 5) to base 11.
7
Convert 2210 (base 3) to base 9.
83
Convert 4 (base 12) to base 3.
11
Convert 17 (base 15) to base 9.
24
What is 8 (base 14) in base 16?
8
Convert 134 (base 9) to base 6.
304
4 (base 7) to base 15
4
What is 17 (base 13) in base 3?
202
-59 (base 15) to base 11
-77
Convert 2 (base 10) to base 3.
2
What is 14 (base 5) in base 10?
9
Convert 7 (base 10) to base 3.
21
Convert 1f (base 16) to base 9.
34
1 (base 2) to base 14
1
-131 (base 4) to base 12
-25
What is -5 (base 12) in base 10?
-5
10 (base 4) to base 13
4
-13 (base 4) to base 16
-7
What is -1 (base 14) in base 2?
-1
What is 21 (base 12) in base 14?
1b
2 (base 7) to base 16
2
Convert 33 (base 8) to base 4.
123
What is -5 (base 9) in base 12?
-5
11 (base 2) to base 10
3
Convert -56 (base 8) to base 15.
-31
What is 532 (base 8) in base 13?
208
What is -7 (base 8) in base 11?
-7
Convert -28 (base 12) to base 5.
-112
What is -1001 (base 3) in base 5?
-103
1 (base 10) to base 7
1
-27 (base 10) to base 16
-1b
What is 2a (base 15) in base 8?
50
Convert 1112 (base 4) to base 6.
222
121 (base 5) to base 9
40
What is -110 (base 4) in base 16?
-14
Convert -12 (base 6) to base 11.
-8
7 (base 13) to base 4
13
What is 3 (base 4) in base 10?
3
What is -1 (base 7) in base 11?
-1
Convert 1 (base 4) to base 6.
1
What is 68 (base 10) in base 7?
125
Convert 11 (base 9) to base 11.
a
31 (base 4) to base 14
d
-55 (base 6) to base 16
-23
-21 (base 6) to base 3
-111
Convert ca (base 15) to base 14.
d8
What is 1021 (base 3) in base 10?
34
Convert -13 (base 6) to base 13.
-9
Convert -12 (base 7) to base 11.
-9
-10 (base 13) to base 8
-15
-d (base 16) to base 13
-10
Convert -37 (base 12) to base 10.
-43
What is 0 (base 8) in base 6?
0
Convert 8 (base 9) to base 5.
13
-73 (base 8) to base 12
-4b
What is 2 (base 10) in base 7?
2
What is -b4 (base 14) in base 8?
-236
Convert 28 (base 12) to base 8.
40
What 